6) is divided by b?
3
Let h(l) = 6*l**2 + 3*l - 1. What is the remainder when h(-3) is divided by 23?
21
Suppose -4*k = 20, k - 31 = -2*h + 4*k. What is the remainder when 15 is divided by h?
7
Let n(r) = 0 + 8*r + 3*r**2 + 1 - 4*r + 3*r. Let m = -11 + 6. What is the remainder when n(m) is divided by 14?
13
Suppose f = -f + 4. Let u(b) = -b**2 + 2 + 1 - 4 + 3*b**f. Calculate the remainder when u(-1) is divided by 1.
0
Calculate the remainder when 45 is divided by 9/2*32/6.
21
Let i be 0 - 2 - (-12)/3. Suppose i + 3 = -z. Calculate the remainder when 35 is divided by ((-4)/z)/(4/60).
11
Let d = -54 + 82. Let b = 4 + 11. What is the remainder when d is divided by b?
13
Suppose -325 = -4*m - 5*r, 0*m - 5*r = -3*m + 200. Let i = -45 + 64. Calculate the remainder when m is divided by i.
18
Let o(s) = 23*s**2 - 2*s - 1. Let k(m) = -m**3 + 7*m**2 + m - 8. Let q be k(7). What is the remainder when o(q) is divided by 13?
11
Suppose u - 2*u = -68. Calculate the remainder when u is divided by 14.
12
What is the remainder when 60 is divided by 30/4*(-24)/(-20)?
6
Let d be (-2)/(5/((-25)/2)). Suppose 2*o - 21 = -y, -2*o = -0*y - y + d. What is the remainder when y is divided by 5?
3
Suppose -8*y + 53 = 45. Calculate the remainder when -1 + 4/((-2)/(-1)) is divided by y.
0
Suppose 2*f = p - 31, -5*p + f - 4*f = -103. Calculate the remainder when 44 is divided by p.
21
Suppose 10*o - 5*o = 220. Suppose w = -2*w + 69. What is the remainder when o is divided by w?
21
Suppose -3*h + 50 = 5*o - 0*o, -2*o = -5*h + 135. Calculate the remainder when 47 is divided by h.
22
Let m be 3/(6*2/16). Suppose c - 185 = -m*c. Calculate the remainder when c is divided by 20.
17
Let c(d) be the second derivative of -d**5/20 - 5*d**4/6 - 11*d**3/6 - 13*d**2/2 + 3*d. What is the remainder when 8 is divided by c(-9)?
3
Suppose 5*z - 3*a - 50 = 0, 3*z - 4*a + 0*a - 19 = 0. Calculate the remainder when 22 is divided by z.
9
Let l(z) = 2*z**2 + 12*z - 5. Calculate the remainder when l(-9) is divided by 13.
10
Let c = -36 - -109. What is the remainder when c is divided by 38?
35
Let u be (-2)/(-8) + 38/8. Suppose 2*x = u*x - 39. Calculate the remainder when ((-6)/9)/(-1)*36 is divided by x.
11
Let u = 111 + -84. Calculate the remainder when 159 is divided by u.
24
Suppose 0 = r + n - 4*n - 4, -3*r - 5*n = -40. Suppose -4*q = -3*b + 84, -4*q - 38 = 2*b - 94. What is the remainder when b is divided by r?
8
Let z(u) = -5*u + 12. Calculate the remainder when z(-8) is divided by 19.
14
Let r = -6 + 94. Suppose 2*x + 3*k + 5 = r, 132 = 3*x + 2*k. What is the remainder when x is divided by 25?
21
Let h = -10 - -25. Calculate the remainder when 41 is divided by h.
11
What is the remainder when 19 is divided by 3/(-15) + (-84)/(-20)?
3
Suppose 20 = -5*y, -y = -u + 4*y + 43. Suppose 0*o - 3*o = -24. What is the remainder when u is divided by o?
7
Let o(t) = -2*t + 31. What is the remainder when o(-9) is divided by (5/(-2))/((-3)/30)?
24
Let c = 14 + 12. What is the remainder when 154 is divided by c?
24
Suppose 0 = 3*q + 4*r - 88, 4*q + 11 = r + 141. Calculate the remainder when q is divided by 19.
13
Let r = -19 - -27. Calculate the remainder when 47 is divided by r.
7
Let o be -1*21 - (7 - 5). Let s = o + 44. Calculate the remainder when 40 is divided by s.
19
Let n be 1*(-18)/3 + 2. What is the remainder when (n/1)/(-2) + 56 is divided by 15?
13
Suppose 20 = 4*f - 0*f, -f = -5*c + 55. Calculate the remainder when (10/4)/(3/42) is divided by c.
11
Let m = 28 + 37. Calculate the remainder when m is divided by 33.
32
Let f be ((-2)/2 - -5) + -2. Let h be -3 - f/4*0. Calculate the remainder when 11*2/(-6)*h is divided by 4.
3
Suppose 2*f - 5*f - 15 = 0. Let t = f - -10. What is the remainder when 9 is divided by t?
4
Let p = 8 + 0. What is the remainder when p is divided by 3?
2
Let k = -10 - -24. What is the remainder when 38 is divided by k?
10
Suppose x + x = 3*h - 40, 3*h - 5*x = 55. What is the remainder when (-111)/(-6 + 3 - 0) is divided by h?
7
Suppose -2*r = 5*f - 0*r - 66, 2*r - 42 = -3*f. Calculate the remainder when 20 is divided by f.
8
Suppose 0 = 2*m - 4*m + 32. What is the remainder when 93 is divided by m?
13
Suppose 3 = 5*u - 4*x + 4, -4*u - 2*x = -20. Suppose -u*j = -j - 22. What is the remainder when j is divided by 7*(1/(-7) + 1)?
5
Let h(s) = -2*s**3 + 3*s**2 + 3*s + 1. Suppose -4*l + 60 = l. Calculate the remainder when h(-2) is divided by l.
11
What is the remainder when 70 is divided by (2 + -1)/((-5)/15) + 15?
10
Suppose -l - 2*g + 52 = -5*l, -4*l + 4*g = 44. Let o = l + 39. What is the remainder when 2 + o - (1 + -2) is divided by 10?
7
Let k = -3 + 7. Suppose 0 = 2*p + 4*j - 10, 2*p = j + j + 4. Suppose -4*y = -p*w + 24, -k*w - y + 32 = -0*w. Calculate the remainder when 23 is divided by w.
7
Let m be ((-46)/(-2))/((-1)/(-1)). Suppose 0*y + 2*u = -y + 26, -m = -y - u. What is the remainder when y is divided by (-68)/(-6) - 1/3?
9
Let f(u) = -u + 67. Let a be (28/(-8))/((-2)/(-4)). Calculate the remainder when f(0) is divided by 3 + a/(28/(-80)).
21
Let x(n) = n**3 + 8*n**2 - 9*n + 6. Calculate the remainder when 15 is divided by x(-9).
3
Calculate the remainder when 41 is divided by (1/2)/(3/66).
8
Suppose -2*j = 5*d - 103, -5*j + 50 = 3*d - 27. Calculate the remainder when d is divided by 5.
4
Suppose -28 = -r - 2*d, -3*r + 3 + 61 = -4*d. Let m = 44 - r. What is the remainder when 38 is divided by m?
18
Suppose -4*z + 9*z = 70. Suppose -m - m = 20. Calculate the remainder when z is divided by (10*-1)/(m/5).
4
Suppose 5*t = 3*c + 26, c = t + 5*c - 19. Suppose -4*p = -t - 13. Calculate the remainder when 8 is divided by p.
3
Let s = -19 - -44. Let i be ((-2)/(-6))/(7/315). Calculate the remainder when s is divided by 28/(-6)*i/(-10).
4
Let h(z) = z - 4. Let d be h(-7). Let k = 36 + d. What is the remainder when k is divided by 93/7 + (-2)/7?
12
Suppose -2*q = 3*q - 20. Suppose q*o - 15 = -o. Calculate the remainder when 7 is divided by o.
1
Let q = -15 + 38. What is the remainder when q is divided by (-2)/3*3 + 8?
5
Let q(w) = -w**3 - 10*w**2 - 8*w. Let l be q(-9). Let p = -7 - l. What is the remainder when (2/4)/(3/12) is divided by p?
0
Suppose 2 = -5*w + 12. What is the remainder when (-53)/2*(-4)/w is divided by 18?
17
Suppose -5*n + 0*h + h = -456, -5*n + 2*h + 457 = 0. Let a = -53 + n. Calculate the remainder when a is divided by 13.
12
Suppose -2*m + 15 = -3. Let y be 18/(-27) + 8/3. Suppose 0 = -y*w + 37 - 3. What is the remainder when w is divided by m?
8
Suppose 0 = -4*j + 14 + 6. Let z be (-102)/(-12)*2/1. Suppose j*y - 8 = z. What is the remainder when 13 is divided by y?
3
What is the remainder when (-934)/(-14) + 10/35 is divided by 5?
2
Suppose -4*s + 688 = 4*h, 0 = -h + 3 + 1. What is the remainder when s is divided by 34?
32
Let q = -55 - -94. What is the remainder when q is divided by 20?
19
Let g(r) = 16*r - 1. What is the remainder when g(4) is divided by (-890)/(-70) - (-4)/14?
11
Suppose 0 = -6*n + 57 + 243. What is the remainder when n is divided by 9?
5
Suppose -32 + 4 = 4*m. Let c(p) = p**3 + 8*p**2 + 8*p + 9. Suppose 4*b + 17 = -2*i - i, 3*i - 23 = 4*b. What is the remainder when c(m) is divided by i?
0
Suppose 0 = b - 0 - 43. Calculate the remainder when b is divided by 9.
7
Let o = 150 - 127. What is the remainder when 41 is divided by o?
18
Suppose 0 = -4*f + 7 + 93. What is the remainder when 99 is divided by f?
24
Suppose 8*l + 45 = 13*l. Suppose -3*t = t + 28. Let a = t - -12. Calculate the remainder when l is divided by a.
4
Let c(h) = -h**3 - 2*h**2 - h - 4. Suppose -3*w = -0*w - 33. What is the remainder when c(-4) is divided by w?
10
Let v = 27 + -2. Let f = v + 14. What is the remainder when f is divided by 8?
7
Suppose 0 = -0*l + 3*l - 57. Calculate the remainder when (2/4)/(4/432) is divided by l.
16
Suppose -3*o - b + 5 = 0, 4*o + 2*b = 2*o + 6. Let v(c) = c**2 - 5*c - 5. Calculate the remainder when v(6) is divided by o.
0
Let t(j) = -32*j - 18. What is the remainder when t(-6) is divided by 35?
34
Let x = 110 - 4. Calculate the remainder when x is divided by 27.
25
Let g(u) = -u + 15. Let n be g(8). What is the remainder when (8 + -7)*n*1 is divided by (-2 - 0 - -3) + 3?
3
Let u = 136 + -91. Suppose 0 = -3*m + 6*m - u. Ca